
{"id":127,"date":"2016-12-27T10:56:06","date_gmt":"2016-12-27T09:56:06","guid":{"rendered":"http:\/\/hynek.jason-drson.com\/?page_id=127"},"modified":"2016-12-27T10:56:06","modified_gmt":"2016-12-27T09:56:06","slug":"2016-02-06-pzl-trenink-na-jasone-drsone","status":"publish","type":"page","link":"https:\/\/hynek.jason-drson.com\/?page_id=127","title":{"rendered":"2016 02 06 PZL tr\u00e9nink na Jason\u011b Drson\u011b"},"content":{"rendered":"<div class=\"content\">\n<p><strong>M\u011b\u0159en\u00fd tr\u00e9nink v r\u00e1mci PZL v okol\u00ed Draha\u0148sk\u00e9 rokle<\/strong><\/p>\n<p>D\u00edk v\u0161em za \u00fa\u010dast i pohodovou atmosf\u00e9ru.<\/p>\n<p><a href=\"https:\/\/drive.google.com\/file\/d\/0B_6sWvIt3dm6YlpTcmwxa18xa3c\/view?usp=sharing\" target=\"_blank\">V\u00fdsledky jsou tu.<\/a> Mrkn\u011bte na n\u011b, a dejte v\u011bd\u011bt, pokud by se v\u00e1m n\u011bco nel\u00edbilo.<\/p>\n<p>D\u00edky Evi\u010dce za pomoc na startu, Pakuovi za poskytnut\u00ed z\u00e1kladu mapy a Sosnovi za odbornou podporu p\u0159i dokreslov\u00e1n\u00ed st\u0159edu mapy.<\/p>\n<p>Posledn\u00ed pokyny:<\/p>\n<p>V sobotu bude registrace otev\u0159ena od 9:30. Vemte si drobn\u00e9 na startovn\u00e9. Vyzvedn\u011bte si pr\u016fkazku, napi\u0161te na n\u00ed sv\u00e9 ct\u011bn\u00e9 jm\u00e9no a kategorii. Pro B a C bude na pr\u016fkazce i \u010das startu &#8211; startuje se ve vln\u00e1ch (je v\u00e1s hodn\u011b), tak na to nezapome\u0148te. Pr\u016fkaz olepujte jen z jedn\u00e9 strany (zna\u010den\u00ed je voskovkou). Popisy jsou p\u0159\u00edmo na map\u011b ve form\u011b OB piktogram\u016f (mal\u00e1 ind\u00edcie pomn\u00edk=\u0161a\u0161ek \ud83d\ude42 ).<br \/>\nKontroly: oran\u017eov\u00fd f\u00e1borek a voskovka. Pozor, \u010d\u00edsla na f\u00e1borku nesed\u00ed s k\u00f3dem v popisu v map\u011b (pro B a C ani s po\u0159adov\u00fdm \u010d\u00edslem). Ra\u017ete do spr\u00e1vn\u00e9ho pol\u00ed\u010dka.<br \/>\nNa map\u011b jsou vertik\u00e1ln\u00ed severn\u00edky (modr\u00e9 \u010d\u00e1ry zhora dol\u016f) od sebe vzd\u00e1leny 1km (tak si ud\u011bl\u00e1te p\u0159edstavu o m\u011b\u0159\u00edtku).<\/p>\n<p>M\u011b\u0159\u00edtka map:<\/p>\n<p>A (form\u00e1t A3):\u00a0\u00a0\u00a0\u00a0\u00a0\u00a0\u00a0\u00a0\u00a0\u00a0\u00a0\u00a0\u00a0\u00a0\u00a0\u00a0\u00a0\u00a0\u00a0\u00a0\u00a0\u00a0\u00a0\u00a0 1:12 000<\/p>\n<p>B (form\u00e1t A3), C (form\u00e1t A4): \u00a0\u00a0 1:10 000<\/p>\n<p>e=5m<\/p>\n<p>V c\u00edli na v\u00e1s budu \u010dekat do 13:30 &#8211; pak se p\u0159esouv\u00e1m do kav\u00e1rny Pod Pavla\u010d\u00ed, 600m od c\u00edlle, B\u00edleneck\u00e9 n\u00e1m.<\/p>\n<p>Rozpis:<\/p>\n<p>Jednoduch\u00fd orienta\u010dn\u00ed b\u011bh v severn\u00ed \u010d\u00e1sti Prahy.<\/p>\n<p>Kola\u0159i mohou startovat tak\u00e9, ale po\u010d\u00edtejte s pravd\u011bpodobn\u00fdm bl\u00e1t\u00ed\u010dkem, zna\u010dn\u00fdmi obj\u00ed\u017ed\u011b\u010dkami a s odb\u011bhem na n\u011bkter\u00e9 kontroly bez kola. Cyklistick\u00e9 v\u00fdkony se zapo\u010d\u00edt\u00e1vaj\u00ed do <a href=\"http:\/\/www.prriba.uvadi.cz\/pohar.htm\" target=\"_blank\">Pra\u017esk\u00e9ho zimn\u00edho MTBO poh\u00e1ru<\/a>.<\/p>\n<p><strong>datum:<\/strong> sobota 6.2.2016<\/p>\n<p><strong>start:<\/strong> hromadn\u00fd po kategori\u00edch a ve vln\u00e1ch (je v\u00e1s hodn\u011b tak a\u0165 se nepo\u0161lapete) :<br \/>\nA (10:00) &#8211; v\u0161ichni<\/p>\n<p>B1(10:05), B2(10:10)<\/p>\n<p>C1(10:15), C2(10:20), C3(10:25)<\/p>\n<p>kola\u0159i start individu\u00e1ln\u011b od 10:30 do 11:00, jak kdo p\u0159\u00edjde<\/p>\n<p>\u010das startu (do kter\u00e9 vlny pat\u0159\u00edte &#8211; plat\u00ed jen pro B a C) najdete na pr\u016fkazce<\/p>\n<p><strong>m\u00edsto:<\/strong> Praha, Doln\u00ed Chabry, rozcest\u00ed na asfaltce 100m od kone\u010dn\u00e9 zast\u00e1vky autobusu 162, <a href=\"https:\/\/mapy.cz\/s\/pBtm\" target=\"_blank\">odkaz na mapu<\/a><\/p>\n<p><strong>kategorie:<\/strong> A,B,C (kilometr\u00e1\u017ee: 17\/10\/6 ide\u00e1ln\u011b po spojn\u00edc\u00edch)<\/p>\n<p><strong>limit:<\/strong> nen\u00ed, ale v cca 13:30 odch\u00e1z\u00edm do kav\u00e1rny Pod Pavla\u010d\u00ed (600m od c\u00edle &#8211; B\u00edleneck\u00e9 n\u00e1m.), p\u0159ekro\u010div\u0161\u00ed si \u010das zm\u011b\u0159te sami, nebo mi to p\u0159ineste do kav\u00e1rny \ud83d\ude42<\/p>\n<p><strong>mapa:<\/strong> A3 (A,B, MTBO),\u00a0 A4(C), nebude vodovzdorn\u011b upravena (vemte si futr\u00e1lek), cesty a p\u011b\u0161iny v kl\u00ed\u010di pro MTBO, velmi omezen\u00e1 klasifikace porost\u016f<br \/>\n<a title=\"uk\u00e1zka mapy\" href=\"https:\/\/drive.google.com\/file\/d\/0B_6sWvIt3dm6QkZMb3NadE1McVE\/view?usp=sharing\" target=\"_blank\">uk\u00e1zka mapy ZDE<\/a><\/p>\n<p><strong>kontroly<\/strong>: f\u00e1borek, voskovka (pr\u016fkaz olepujte jen z jedn\u00e9 strany)<\/p>\n<p><strong>ter\u00e9n:<\/strong> pole, louky lesy, p\u0159\u00edm\u011bstsk\u00e1 z\u00e1stavba, p\u0159ev\u00fd\u0161en\u00ed l\u00edbiv\u00e9. V map\u011b budou vyzna\u010deny zak\u00e1zan\u00e9 prostory. Dodr\u017eujte je ! Ve svaz\u00edch a skal\u00e1ch k Vltav\u011b je opravdu nebezpe\u010dno.<br \/>\nTakt\u00e9\u017e striktn\u011b dodr\u017eujte zelenou barvou vyna\u010den\u00e9 oblasti soukrom\u00e9ho majetku.<\/p>\n<p><strong>doprava MHD:<\/strong><br \/>\n&#8211; autobusem 162 z metra Kobylisy na kone\u010dnou a pak po zelen\u00e9 100m<br \/>\n&#8211; autobusy 169,183 z metra Kobylisy na zast\u00e1vku &#8222;S\u00eddli\u0161t\u011b \u010cimice&#8220; a pak po zelen\u00e9 600m<\/p>\n<p><strong>parkov\u00e1n\u00ed:<\/strong> pod\u00e9l asfaltky k \u010disti\u010dce (parkujte inteligentn\u011b, a\u0165 se m\u00edst\u0148\u00e1ci nezlob\u00ed)<\/p>\n<p><strong>p\u0159evl\u00e9k\u00e1n\u00ed:<\/strong> ve vlastn\u00edch autech \u010di pod \u0161ir\u00e1kem, ba\u0165\u016f\u017eky m\u016f\u017eete nechat u m\u011b v aut\u011b<\/p>\n<p><strong>ob\u010derstven\u00ed:<\/strong> vlastn\u00ed, nejbli\u017e\u0161\u00ed hospoda cca 500m <a href=\"https:\/\/mapy.cz\/s\/p3pQ\" target=\"_blank\">Hostinec U M\u00ed\u0161k\u016f (Svijany)<\/a> \u010di naproti <a href=\"https:\/\/mapy.cz\/s\/p3pQ\" target=\"_blank\">kav\u00e1rna Pod Pavla\u010d\u00ed ( v\u00fdborn\u00e9 dom\u00e1c\u00ed \u0148amky! ).<\/a><\/p>\n<p><strong>startovn\u00e9:<\/strong> 30,- (do term\u00ednu), 50,- (po term\u00ednu), na m\u00edst\u011b jen omezen\u00fd po\u010det map<\/p>\n<p><strong>p\u0159ihl\u00e1\u0161ky<\/strong>: (do st\u0159edy 3.2.2016 12:00): <a title=\"p\u0159\u00edhl\u00e1\u0161ky\" href=\"https:\/\/docs.google.com\/forms\/d\/1zBKMPAgHL4qdGZS9Q1papUWuevJkSJ0gGDawniorCrU\/viewform\" target=\"_blank\">p\u0159es google formul\u00e1\u0159 ZDE<\/a> (vypl\u0148te jm\u00e9no, kategorii, email, kola\u0159i p\u0159ipi\u0161te do pozn\u00e1mky MTBO).<\/p>\n<p><a title=\"seznam p\u0159ihl\u00e1\u0161ek\" href=\"https:\/\/docs.google.com\/spreadsheets\/d\/1W6Z5QIogO9cvxIVMRkmgmraLr0-tvuOXrR-XiEioVYs\/edit?usp=sharing\" target=\"_blank\">Seznam p\u0159\u00edhl\u00e1\u0161en\u00fdch ZDE.<\/a><\/p>\n<p><a title=\"PZL\" href=\"http:\/\/sk-praga.cz\/pzl\/index.html\" target=\"_blank\">Domovsk\u00e1 str\u00e1nka PZL (Pra\u017esk\u00e1 zimn\u00ed liga)<\/a><\/p>\n<\/div>\n","protected":false},"excerpt":{"rendered":"<p>M\u011b\u0159en\u00fd tr\u00e9nink v r\u00e1mci PZL v okol\u00ed Draha\u0148sk\u00e9 rokle D\u00edk v\u0161em za \u00fa\u010dast i pohodovou atmosf\u00e9ru. V\u00fdsledky jsou tu. Mrkn\u011bte na n\u011b, a dejte v\u011bd\u011bt, pokud by se v\u00e1m n\u011bco nel\u00edbilo. D\u00edky Evi\u010dce za pomoc na startu, Pakuovi za poskytnut\u00ed z\u00e1kladu mapy a Sosnovi za odbornou podporu p\u0159i dokreslov\u00e1n\u00ed st\u0159edu mapy. Posledn\u00ed pokyny: V sobotu [&hellip;]<\/p>\n","protected":false},"author":1,"featured_media":0,"parent":0,"menu_order":0,"comment_status":"closed","ping_status":"closed","template":"","meta":{"footnotes":""},"class_list":["post-127","page","type-page","status-publish","hentry"],"_links":{"self":[{"href":"https:\/\/hynek.jason-drson.com\/index.php?rest_route=\/wp\/v2\/pages\/127","targetHints":{"allow":["GET"]}}],"collection":[{"href":"https:\/\/hynek.jason-drson.com\/index.php?rest_route=\/wp\/v2\/pages"}],"about":[{"href":"https:\/\/hynek.jason-drson.com\/index.php?rest_route=\/wp\/v2\/types\/page"}],"author":[{"embeddable":true,"href":"https:\/\/hynek.jason-drson.com\/index.php?rest_route=\/wp\/v2\/users\/1"}],"replies":[{"embeddable":true,"href":"https:\/\/hynek.jason-drson.com\/index.php?rest_route=%2Fwp%2Fv2%2Fcomments&post=127"}],"version-history":[{"count":1,"href":"https:\/\/hynek.jason-drson.com\/index.php?rest_route=\/wp\/v2\/pages\/127\/revisions"}],"predecessor-version":[{"id":129,"href":"https:\/\/hynek.jason-drson.com\/index.php?rest_route=\/wp\/v2\/pages\/127\/revisions\/129"}],"wp:attachment":[{"href":"https:\/\/hynek.jason-drson.com\/index.php?rest_route=%2Fwp%2Fv2%2Fmedia&parent=127"}],"curies":[{"name":"wp","href":"https:\/\/api.w.org\/{rel}","templated":true}]}}