
{"id":137,"date":"2016-12-27T11:01:01","date_gmt":"2016-12-27T10:01:01","guid":{"rendered":"http:\/\/hynek.jason-drson.com\/?page_id=137"},"modified":"2016-12-27T11:03:08","modified_gmt":"2016-12-27T10:03:08","slug":"2015-10-24-hon-na-lisku","status":"publish","type":"page","link":"https:\/\/hynek.jason-drson.com\/?page_id=137","title":{"rendered":"2015 10 24 Hon na Li\u0161ku"},"content":{"rendered":"<div class=\"content\">\n<p><em><strong>V\u00fdsledky Honu na Li\u0161ku 2015, ot\u00e1zky, fotky a zhodnocen\u00ed zde :<\/strong><\/em><\/p>\n<p><a href=\"https:\/\/drive.google.com\/file\/d\/0B_6sWvIt3dm6cFZzOFNteG5xRGs\/view?usp=sharing\"> <em><strong>Dosp\u011bl\u00ed<\/strong><\/em><\/a><\/p>\n<p><em><strong><a href=\"https:\/\/drive.google.com\/file\/d\/0B_6sWvIt3dm6azRJY2xaZ21wY2s\/view?usp=sharing\"> D\u011bti<\/a><\/strong><\/em><\/p>\n<p><em><strong><a href=\"https:\/\/drive.google.com\/file\/d\/0B_6sWvIt3dm6MF9ia213Z0xMaUU\/view?usp=sharing\"> Ot\u00e1zky<\/a><br \/>\n<\/strong><\/em><\/p>\n<p><em><strong><a href=\"https:\/\/drive.google.com\/file\/d\/0B_6sWvIt3dm6UjlRR19fMkc3OUk\/view?usp=sharing\"> Ot\u00e1zky \u0159e\u0161en\u00ed<\/a><\/strong><\/em><\/p>\n<p><em><strong><a href=\"http:\/\/jasondrson.rajce.idnes.cz\/2015_10_Hon_na_Lisku\">Fotky<\/a><\/strong><\/em><\/p>\n<p>Neobvykl\u00fd rej o sobot\u011b slunn\u00e9 \u0159\u00edjna \u010dty\u0159idadvac\u00e1t\u00e9ho bylo mo\u017eno spat\u0159iti v rokl\u00edch, svaz\u00edch, skal\u00e1ch a hvozdech koko\u0159\u00ednsk\u00fdch.<\/p>\n<p>Honc\u016f li\u0161ek dosp\u011bl\u00fdch na t\u0159at\u0159icet tlup v les vpu\u0161t\u011bno bylo. Nejum\u011bji se s kejklemi u\u010den\u00fdmi, jako\u017e i s pl\u00ed\u017een\u00edm ter\u00e9nem rozsochat\u00fdm, popasovala dvojice d\u011bv\u010dic sli\u010dn\u00fdch <a href=\"http:\/\/jasondrson.rajce.idnes.cz\/2015_10_Hon_na_Lisku#2015_10_Hon_na_Lisku_32.jpg\"> Martina \u0160tursov\u00e1 a Michaela Urbanov\u00e1<\/a> \u010din\u00edc\u00ed potajmu Repar\u00e1t, jen\u017e se dozajista vyda\u0159il. Budi\u017e honc\u016fm ostatn\u00edm ku radosti p\u0159\u00e1no, \u017ee ro\u010dn\u00edk p\u0159\u00ed\u0161t\u00ed d\u00e1my tyto jist\u011b s el\u00e1nem horliv\u00fdm a dovednost\u00ed p\u0159\u00edkladnou v ter\u00e9nu obvykl\u00e9m zorganizuj\u00ed.<\/p>\n<p>Takt\u00e9\u017e p\u00edsklata li\u0161\u010d\u00ed v po\u010dtu sedumn\u00e1cti hord jala se zvu\u010dn\u011b \u00fakoly v skal\u00e1ch p\u00edskov\u00fdch plniti a p\u0159\u00edb\u011bh lapky Petrovsk\u00e9ho vysledovati. Nejpochvaln\u011bni vy\u0161el z reje tandem li\u0161\u010dat pokrevn\u00edch <a href=\"http:\/\/jasondrson.rajce.idnes.cz\/2015_10_Hon_na_Lisku#2015_10_Hon_na_Lisku_30.jpg\"> Mikul\u00e1\u0161 a Tobi\u00e1\u0161 z rodu Kor\u00fddk\u016f<\/a>, jen\u017e v erbu Mamuta nos\u00ed.<\/p>\n<p>Chytrost\u00ed nad umem fizkulturn\u00edm slynul nejv\u00edce t\u00fdm M\u00ed\u0161\u016f (M\u00ed\u0161a Freyov\u00e1 a Jirka Kohl) ze sp\u0159\u00e1telen\u00e9 grupy orient\u00e1ln\u00edch sport\u016f v Kralupic\u00edch nad Vltavou.<\/p>\n<p>Pod\u011bkov\u00e1n\u00ed jest nutno zm\u00edniti ku v\u0161em pomaha\u010d\u016fm, kte\u0159\u00ed na m\u00edstech v\u0161elijak\u00fdch ku c\u00edli zd\u00e1rn\u00e9mu p\u0159isp\u011bli a t\u00edm sl\u00e1vu Li\u0161ky koko\u0159\u00ednsk\u00e9 udr\u017e\u00e1li .<\/p>\n<p>Za organiza\u010dn\u00ed komit\u00e9t:<\/p>\n<p>Hynek<\/p>\n<p>Milan<\/p>\n<p>Radka<\/p>\n<p>Li\u0161\u010data i Li\u0161\u00e1ci zv\u00e1ni jsou <a href=\"http:\/\/www.radkoljungsady.estranky.cz\/clanky\/aktualni-informace\/\">kantorkou Radkou<\/a> na <a href=\"https:\/\/drive.google.com\/file\/d\/0B_6sWvIt3dm6VmNXYV9QQTFBeG8\/view?usp=sharing\"> pr\u016fvod sv.Martina 10.listopadnice v M\u011bln\u00edce<\/a>. V podve\u010der temn\u00fd se\u00a0 tam souboj l\u00edt\u00fd mezi dobrem a zlem odehraje a v\u011b\u0159me, \u017ee v\u0161e sm\u011brem spr\u00e1vn\u00fdm vinouti se bude.<\/p>\n<p><em><strong>&#8212;&#8212;&#8212;&#8212;&#8212;&#8212;&#8212;&#8212;&#8212;&#8212;&#8212;&#8212;&#8212;&#8212;&#8212;&#8212;&#8212;&#8212;&#8212;&#8212;&#8212;&#8212;&#8212;&#8212;&#8212;&#8212;&#8212;&#8212;&#8212;&#8212;&#8212;&#8212;&#8212;&#8212;&#8212;&#8212;&#8212;&#8212;&#8212;&#8212;&#8212;&#8212;&#8212;&#8212;&#8212;&#8212;<br \/>\n<\/strong><\/em><\/p>\n<p><em><strong>Pozv\u00e1nka:<br \/>\n<\/strong><\/em><\/p>\n<p><em><strong>Motto:\u00a0 &#8222;Spr\u00e1vn\u00fd Li\u0161\u00e1k je chytr\u00fd jak li\u0161ka, dob\u0159e se orientuje v\u00a0ter\u00e9nu a\u00a0 mapa je jeho kamar\u00e1d. Nav\u00edc je spole\u010densk\u00fd a tuze se t\u011b\u0161\u00ed na bloud\u011bn\u00ed v tlup\u011b dvou a v\u00edce&#8220;<\/strong><\/em><\/p>\n<p align=\"center\"><strong>Na v\u011bdomost se d\u00e1v\u00e1 v\u0161em Li\u0161k\u00e1m, Li\u0161\u00e1k\u016fm, Li\u0161\u010dat\u016fm, jako\u017e i jin\u00e9 hav\u011bti, \u017ee<\/strong><\/p>\n<p align=\"center\"><strong>43. ro\u010dn\u00edk Honu na Li\u0161ku<\/strong><\/p>\n<p align=\"center\"><strong>konati se bude v\u00a0sobotu dne 24.\u0159\u00edjna 2015.<\/strong><\/p>\n<p align=\"center\">Registrace otev\u0159ena bude <strong>od 9:00 v restauraci v kempu <a title=\"Kemp ATC kokorinsky dul\" href=\"http:\/\/camp.kokorin.info\/\">ATC Koko\u0159\u00edn v koko\u0159\u00ednsk\u00e9m dole<\/a><\/strong><\/p>\n<p>Honci dosp\u011bl\u00ed od hodiny des\u00e1t\u00e9 postupn\u011b vypu\u0161t\u011bni budou po dru\u017estvech, jen\u017e minim\u00e1ln\u011b 2 p\u00e1r\u016f noh m\u00edti mus\u00ed.<\/p>\n<p>Li\u0161\u010dat \u010das ku zdol\u00e1n\u00ed trati d\u011btsk\u00e9 pak nastane od hodiny jeden\u00e1ct\u00e9 dopoledn\u00ed.<\/p>\n<p>Jeliko\u017e \u0161m\u00edrov\u00e1n\u00ed li\u0161ek v\u00a0doupatech a skal\u00e1ch odehr\u00e1vati se bude, pom\u016fcek n\u00e1sleduj\u00edc\u00edch pro pln\u011bn\u00ed \u00fakol\u016f na dru\u017estvo dosp\u011bl\u00fdch hbit\u00e9 jest po\u017eadov\u00e1no:<\/p>\n<p>&#8211;\u00a0\u00a0\u00a0\u00a0\u00a0\u00a0\u00a0\u00a0\u00a0 1x sed\u00e1k horolezeck\u00fd, 3x zamykac\u00ed karabina, 2x smyce, 1x osma\u00a0\u00a0 (lozen\u00ed neplat\u00ed pro d\u011bcka)<\/p>\n<p>Jest umo\u017en\u011bno t\u011bm, jim\u017e lozen\u00ed ve v\u00fd\u0161k\u00e1ch ne\u0161timuje a vybaven\u00edm t\u00edmto nedisponuj\u00ed, odlovu li\u0161ek se takt\u00e9\u017e z\u00fa\u010dastniti. M\u00edsta technik lozi\u010dsk\u00fdch po\u017eaduj\u00edc\u00edch v\u00a0map\u011b zakreslena p\u0159edem budou a \u00a0t\u00edm jest mo\u017enost hr\u00e1tk\u00e1m vzdu\u0161n\u00fdm se vyhnouti a um sv\u016fj na kontroly jin\u00e9 koncentrovati.<\/p>\n<p>D\u00e1le tlomok honc\u016f nesm\u00ed postr\u00e1dati:<\/p>\n<p>&#8211;\u00a0\u00a0\u00a0\u00a0\u00a0\u00a0\u00a0\u00a0\u00a0 tu\u017eku psac\u00ed a vlhkosti odol\u00e1vaj\u00edc\u00ed, pergamen<\/p>\n<p>N\u00e1stroje a pom\u016fcky doporu\u010den\u00e9:<\/p>\n<p>&#8211;\u00a0\u00a0\u00a0\u00a0\u00a0\u00a0\u00a0\u00a0\u00a0 r\u016f\u017eice magnetick\u00e1 ku severu v\u017edy m\u00ed\u0159\u00edc\u00ed<\/p>\n<p>&#8211;\u00a0\u00a0\u00a0\u00a0\u00a0\u00a0\u00a0\u00a0\u00a0 sva\u010dina vydatn\u00e1 a lektvar posiluj\u00edc\u00ed<\/p>\n<p>&#8211;\u00a0\u00a0\u00a0\u00a0\u00a0\u00a0\u00a0\u00a0\u00a0 obal nepromokav\u00fd na mapu a pr\u016fkaz sed\u00edc\u00ed<\/p>\n<p>N\u00e1stroje a pom\u016fcky zapov\u011bzen\u00e9:<\/p>\n<p>&#8211;\u00a0\u00a0\u00a0\u00a0\u00a0\u00a0\u00a0\u00a0\u00a0 mobiln\u00ed p\u0159\u00edstroje povoleny jen ve vypnut\u00e9m stavu a ku p\u0159ivol\u00e1n\u00ed pomoci<\/p>\n<p>&#8211;\u00a0\u00a0\u00a0\u00a0\u00a0\u00a0\u00a0\u00a0\u00a0 p\u0159istroje fotografick\u00e9 jako\u017e i jin\u00e1 za\u0159\u00edzen\u00ed z\u00e1znamov\u00e1 nesm\u00ed b\u00fdti pou\u017eita pro pln\u011bn\u00ed \u00fakol\u016f<\/p>\n<p>Honcovn\u00e9 ku kl\u00e1n\u00ed oprav\u0148uj\u00edc\u00ed jest stanoveno na 50 zlat\u00fdch na hlavu. D\u011bcka a vojsko polovic.<\/p>\n<p>Za parkov\u00e1n\u00ed o\u0159\u016f plechov\u00fdch bude pak hospod\u00e1\u0159em kempu po\u017eadov\u00e1no v\u0161\u00edmn\u00e9 30 zlat\u00fdch na 4 kola pry\u017eov\u00e1.<\/p>\n<p>V \u00fatrob\u00e1ch restaurace \u00fatuln\u00e9 se pak zdr\u017ete konzumace j\u00eddel a lektvar\u016f dovezen\u00fdch a rad\u011bji od \u0161enk\u00fd\u0159ky vl\u00eddn\u00e9 \u017e\u00e1dejte krm\u011b lahodn\u00e9 a n\u00e1poje osv\u011b\u017euj\u00edc\u00ed.<\/p>\n<p>P\u0159ihl\u00e1\u0161ky vy\u0161krabujte v desku internetovou je\u017e nalinkov\u00e1na jest <strong><a title=\"P\u0159ihla\u0161ky na Li\u0161ku 2015\" href=\"https:\/\/docs.google.com\/spreadsheets\/d\/1Neh6Ecyvi27biEbJ9OPnF14z-OFP0a4XmDBjkMEAjqY\/edit?usp=sharing\"> ZDE<\/a><\/strong>.<\/p>\n<p align=\"center\">Uz\u00e1v\u011brka desek startovn\u00edch jest stanovena na dobu klek\u00e1n\u00ed o p\u016flnoci m\u011bs\u00edce \u0159\u00edjna dne dvaadvac\u00e1t\u00e9ho. Opozdilci v hvozd li\u0161\u010d\u00ed takt\u00e9\u017e vpu\u0161t\u011bni budou, le\u010d st\u00e1ti se m\u016f\u017ee, \u017ee pergamen s doupaty zakreslen\u00fdmi nemus\u00ed b\u00fdt \u010derstv\u00fd \u010di barevn\u011b vyzdoben.<\/p>\n<p align=\"center\">Na \u00a0\u010destn\u00e9 z\u00e1polen\u00ed se t\u011b\u0161\u00ed<\/p>\n<p align=\"center\">Hynek a Milan<\/p>\n<p align=\"center\">\u00a0 v\u010detn\u011b<br \/>\nkoko\u0159\u00ednsk\u00e9ho odd\u00edlu p\u0159\u00edrodn\u00edch sport\u016f &#8222;Sesko\u010dil z rud\u00e9 sk\u00e1ly a vyrazil si dech&#8220;<\/p>\n<\/div>\n<div id=\"komentare\" class=\"comments\">\n<h4 class=\"hline\">Koment\u00e1\u0159e<\/h4>\n<div class=\"thread t-level0\">\n<div class=\"c-padd c-level0\">\n<div class=\"com100\">\n<div id=\"komentar26\" class=\"com com1\">\n<div class=\"cHeader\">\n<div class=\"cAuthor\">Sl\u00e1vka Chrpov\u00e1<\/div>\n<div class=\"cDate\">p\u0159ed rokem<\/div>\n<\/div>\n<div class=\"cContent\">\n<p>Hynku, d\u011bkuji za kr\u00e1snou obrozeneckou \u010de\u0161tinu, p\u011bkn\u011b jsem si po\u010d\u00edtala. Pr\u00e1ci ti to muselo d\u00e1ti. Na hon li\u0161\u010d\u00ed budu se t\u011b\u0161iti.<\/p>\n<\/div>\n<div class=\"cReplyGlobal cReply\"><\/div>\n<div class=\"cb\"><\/div>\n<\/div>\n<\/div>\n<\/div>\n<\/div>\n<div class=\"thread t-level0\">\n<div class=\"c-padd c-level0\">\n<div class=\"com100\">\n<div id=\"komentar28\" class=\"com com1\">\n<div class=\"cHeader\">\n<div class=\"cAuthor\">Martina Kujanov\u00e1<\/div>\n<div class=\"cDate\">p\u0159ed rokem<\/div>\n<\/div>\n<div class=\"cContent\">\n<p>Pros\u00edm mohu vzn\u00e9sti dotaz ohledn\u011b d\u00e9lky trat\u011b, kv\u016fli \u010dasov\u00e9mu rozvrhu.. d\u00edky<\/p>\n<\/div>\n<div class=\"cReplyGlobal cReply\"><\/div>\n<div class=\"cb\"><\/div>\n<\/div>\n<\/div>\n<\/div>\n<div class=\"thread t-level1 t-last\">\n<div class=\"c-padd c-level1 c-last\">\n<div class=\"com100\">\n<div id=\"komentar30\" class=\"com com1\">\n<div class=\"cHeader\">\n<div class=\"cAuthor\">Hynek<\/div>\n<div class=\"cDate\">p\u0159ed rokem<\/div>\n<\/div>\n<div class=\"cContent\">\n<p>Z\u00e1le\u017e\u00ed jen na tob\u011b. Limit je 5h, kontrol bude 20. Mapa je asi 4&#215;3 km a dokopce tam jsou \ud83d\ude09<\/p>\n<\/div>\n<div class=\"cReplyGlobal cReply\"><\/div>\n<div class=\"cb\"><\/div>\n<\/div>\n<\/div>\n<\/div>\n<\/div>\n<\/div>\n<div class=\"thread t-level0\">\n<div class=\"c-padd c-level0\">\n<div class=\"com100\">\n<div id=\"komentar31\" class=\"com com1\">\n<div class=\"cHeader\">\n<div class=\"cAuthor\">David Outrata<\/div>\n<div class=\"cDate\">p\u0159ed rokem<\/div>\n<\/div>\n<div class=\"cContent\">\n<p>Ahoj, budem pot\u0159ebovat p\u0159\u00edmo osmu, nebo sta\u010d\u00ed cokoliv na slan\u011bn\u00ed (reverso)? D\u00edky<\/p>\n<\/div>\n<div class=\"cReplyGlobal cReply\"><\/div>\n<div class=\"cb\"><\/div>\n<\/div>\n<\/div>\n<\/div>\n<div class=\"thread t-level1 t-last\">\n<div class=\"c-padd c-level1 c-last\">\n<div class=\"com100\">\n<div id=\"komentar33\" class=\"com com1\">\n<div class=\"cHeader\">\n<div class=\"cAuthor\">Hynek<\/div>\n<div class=\"cDate\">p\u0159ed rokem<\/div>\n<\/div>\n<div class=\"cContent\">\n<p>Ahoj sta\u010d\u00ed cokoliv na slan\u011bn\u00ed, nen\u00ed to nic slo\u017eit\u00e9ho ani dlouh\u00e9ho.Hynek<\/p>\n<\/div>\n<div class=\"cReplyGlobal cReply\"><\/div>\n<div class=\"cb\"><\/div>\n<\/div>\n<\/div>\n<\/div>\n<\/div>\n<\/div>\n<div class=\"thread t-level0 t-last\">\n<div class=\"c-padd c-level0 c-last\">\n<div class=\"com100\">\n<div id=\"komentar32\" class=\"com com1\">\n<div class=\"cHeader\">\n<div class=\"cAuthor\">Hv\u011bzd\u00e1\u0159<\/div>\n<div class=\"cDate\">p\u0159ed rokem<\/div>\n<\/div>\n<div class=\"cContent\">\n<p>Mlad\u00fd a pohledn\u00fd kluk hled\u00e1 do hv\u011bzdn\u00e9ho t\u00fdmu druh\u00e9ho (druhou).<br \/>\nZn. Jen na sobotu.<\/p>\n<\/div>\n<div class=\"cReplyGlobal cReply\"><\/div>\n<div class=\"cb\"><\/div>\n<\/div>\n<\/div>\n<\/div>\n<div class=\"thread t-level1 t-last\">\n<div class=\"c-padd c-level1 c-last\">\n<div class=\"com100\">\n<div id=\"komentar34\" class=\"com com1\">\n<div class=\"cHeader\">\n<div class=\"cAuthor\">Hynek<\/div>\n<div class=\"cDate\">p\u0159ed rokem<\/div>\n<\/div>\n<div class=\"cContent\">\n<p>V kempu jsem narazil na sportovniho instruktora, co tam je pres noc s outdoor skupinou cizincu a zitra si chce dat Lisku. Je sam, tak se s nim domluv &#8211; jmenuje se Honza.<\/p>\n<\/div>\n<div class=\"cReplyGlobal cReply\"><\/div>\n<div class=\"cb\"><\/div>\n<\/div>\n<\/div>\n<\/div>\n<div class=\"thread t-level2 t-last\">\n<div class=\"c-padd c-level2 c-last\">\n<div class=\"com100\">\n<div id=\"komentar35\" class=\"com com1\">\n<div class=\"cHeader\">\n<div class=\"cAuthor\">Hv\u011bzd\u00e1\u0159<\/div>\n<div class=\"cDate\">p\u0159ed rokem<\/div>\n<\/div>\n<div class=\"cContent\">\n<p>Jen\u017ee m\u011b chytly z\u00e1da. B\u011bh\u00e1n\u00ed mi ned\u011bl\u00e1 dob\u0159e. Omlouv\u00e1m se z akce.<\/p>\n<\/div>\n<\/div>\n<\/div>\n<\/div>\n<\/div>\n<\/div>\n<\/div>\n<\/div>\n","protected":false},"excerpt":{"rendered":"<p>V\u00fdsledky Honu na Li\u0161ku 2015, ot\u00e1zky, fotky a zhodnocen\u00ed zde : Dosp\u011bl\u00ed D\u011bti Ot\u00e1zky Ot\u00e1zky \u0159e\u0161en\u00ed Fotky Neobvykl\u00fd rej o sobot\u011b slunn\u00e9 \u0159\u00edjna \u010dty\u0159idadvac\u00e1t\u00e9ho bylo mo\u017eno spat\u0159iti v rokl\u00edch, svaz\u00edch, skal\u00e1ch a hvozdech koko\u0159\u00ednsk\u00fdch. Honc\u016f li\u0161ek dosp\u011bl\u00fdch na t\u0159at\u0159icet tlup v les vpu\u0161t\u011bno bylo. Nejum\u011bji se s kejklemi u\u010den\u00fdmi, jako\u017e i s pl\u00ed\u017een\u00edm ter\u00e9nem rozsochat\u00fdm, [&hellip;]<\/p>\n","protected":false},"author":1,"featured_media":0,"parent":0,"menu_order":0,"comment_status":"closed","ping_status":"closed","template":"","meta":{"footnotes":""},"class_list":["post-137","page","type-page","status-publish","hentry"],"_links":{"self":[{"href":"https:\/\/hynek.jason-drson.com\/index.php?rest_route=\/wp\/v2\/pages\/137","targetHints":{"allow":["GET"]}}],"collection":[{"href":"https:\/\/hynek.jason-drson.com\/index.php?rest_route=\/wp\/v2\/pages"}],"about":[{"href":"https:\/\/hynek.jason-drson.com\/index.php?rest_route=\/wp\/v2\/types\/page"}],"author":[{"embeddable":true,"href":"https:\/\/hynek.jason-drson.com\/index.php?rest_route=\/wp\/v2\/users\/1"}],"replies":[{"embeddable":true,"href":"https:\/\/hynek.jason-drson.com\/index.php?rest_route=%2Fwp%2Fv2%2Fcomments&post=137"}],"version-history":[{"count":1,"href":"https:\/\/hynek.jason-drson.com\/index.php?rest_route=\/wp\/v2\/pages\/137\/revisions"}],"predecessor-version":[{"id":139,"href":"https:\/\/hynek.jason-drson.com\/index.php?rest_route=\/wp\/v2\/pages\/137\/revisions\/139"}],"wp:attachment":[{"href":"https:\/\/hynek.jason-drson.com\/index.php?rest_route=%2Fwp%2Fv2%2Fmedia&parent=137"}],"curies":[{"name":"wp","href":"https:\/\/api.w.org\/{rel}","templated":true}]}}