
{"id":64,"date":"2016-12-26T23:24:11","date_gmt":"2016-12-26T22:24:11","guid":{"rendered":"http:\/\/hynek.jason-drson.com\/?page_id=64"},"modified":"2016-12-26T23:53:49","modified_gmt":"2016-12-26T22:53:49","slug":"2012-11-20-dablicka-bludicka","status":"publish","type":"page","link":"https:\/\/hynek.jason-drson.com\/?page_id=64","title":{"rendered":"2012 11 20 \u010e\u00e1blick\u00e1 Bludi\u010dka"},"content":{"rendered":"<div class=\"content\">\n<p><strong>Protokol:<\/strong><\/p>\n<p>&#8211; 71 bludi\u010d\u016f\/bludi\u010dek<br \/>\n&#8211; 25 kontrol prav\u00fdch<br \/>\n&#8211; mnoho fale\u0161n\u00fdch ko\u010di\u010d\u00edch o\u010d\u00ed, viz. Geocache\u00a0Lovci pokladu: <a href=\"http:\/\/www.geocaching.com\/seek\/cache_details.aspx?guid=45396ed9-8aea-4bdc-b9d9-412f6cfc09a6\" target=\"_blank\">odkaz zde<br \/>\n<\/a>&#8211; jedna fale\u0161n\u00e1 kontrola u rybn\u00ed\u010dka pobl\u00ed\u017e kontroly 24 (dokonce s voskovkou !!), ov\u0161em jin\u00e9 barvy a mimo kole\u010dko. S tou tak\u00e9 nem\u00e1me nic spole\u010dn\u00e9ho \ud83d\ude42<br \/>\n&#8211; bohu\u017eel takt\u00e9\u017e jedno ukraden\u00e9 kolo (nech\u0165 ruka upadne a sliz pohlt\u00ed toho nenechavce)<br \/>\n&#8211; jedny nalezen\u00e9 elas\u0165\u00e1ky a pru\u017en\u00fd \u00fachyt na \u010delovku (majitel\u00e9 ozv\u011bte se)<br \/>\n&#8211; 2 organiz\u00e1to\u0159i (Lidu\u0161ka-v\u00fdpo\u010detn\u00ed centrum a Sesko\u010dil z rud\u00e9 sk\u00e1ly)<br \/>\n&#8211; d\u00edk Hv\u011bzd\u00e1\u0159ovi za pomoc p\u0159i sb\u011bru kontrol a Lib\u011b\u0159ick\u00e9 cukr\u00e1rn\u011b (bludi\u010di po limitu) za v\u00fdte\u010dn\u00e9 z\u00e1kusky (v\u0161imn\u00e9 za pozdn\u00ed p\u0159ihl\u00e1\u0161ku) \ud83d\ude42<\/p>\n<p><strong>P\u00e1r fotek: <a title=\"Fotky Bludicka 2012\" href=\"http:\/\/jasondrson.rajce.idnes.cz\/2012_11_Dablicka_Bludicka\/\">ZDE<\/a><\/strong><\/p>\n<p><strong>GPS Postupy Fandy, kter\u00fd jak jeden z 5 sebral v\u0161e: <a href=\"http:\/\/hyn_old.jason-drson.com\/Jason%20Drson%2001\/www.jason-drson.com\/bludicka\/DB2012_postupy_Fanda.jpg\">ZDE<\/a>\u00a0<\/strong><\/p>\n<p><strong>V\u00fdsledky:<\/strong>\u00a0<strong><a title=\"Vysledky Bludicka 2012\" href=\"http:\/\/www.jason-drson.com\/bludicka\/vysledky_2012.xlsx\">ZDE<\/a><\/strong>(xlsx)\u00a0nebo <strong><a href=\"http:\/\/www.jason-drson.com\/bludicka\/vysledky_2012.pdf\">ZDE<\/a><\/strong>(pdf)<\/p>\n<p>PS. Od Petra(3) a Jirky(9) mi chyb\u00ed pr\u016fkazky. Kluci, napi\u0161te mi dob\u011bhov\u00e9 \u010dasy a po\u010dty kontrol. Pak v\u00e1s dopln\u00edm.<\/p>\n<p><strong>Pozv\u00e1nka:<\/strong><\/p>\n<p><strong>\u010e\u00e1blick\u00e1 Bludi\u010dka (\u00fater\u00fd, 20.11.2012 &#8211; 9.no\u010dn\u00edk)<\/strong><\/p>\n<p>Zveme v\u0161echny p\u0159\u00edznivce noc\u00ed, aby v \u00fater\u00fd 20. listopadu no\u010dn\u00edm prob\u011bhem okolo \u010e\u00e1blick\u00e9 hv\u011bzd\u00e1rny oslavili jednoho z nejv\u011bt\u0161\u00edch p\u0159\u00edznivc\u016f noc\u00ed.<\/p>\n<p>Tento den uplyne p\u0159esn\u011b 123 let od narozen\u00ed slavn\u00e9ho americk\u00e9ho astronoma Edwina Hubbla, kter\u00fd dok\u00e1zal tr\u00e1vit dlouh\u00e9 no\u010dn\u00ed hodiny pozorov\u00e1n\u00edm oblohy v mraziv\u00e9m v\u011btru observato\u0159e.<\/p>\n<p>Snad nejslavn\u011bj\u0161\u00edm objevem tohoto\u00a0americk\u00e9ho g\u00e9nia je jeho teorie o rozp\u00edn\u00e1n\u00ed vesm\u00edru ke kter\u00e9 zna\u010dnou m\u011brou dopomohl n\u00e1\u0161 \u010desk\u00fd g\u00e9nius J\u00e1ra Cimrman.<\/p>\n<p>Kr\u00e1tce po prvn\u00ed sv\u011btov\u00e9 v\u00e1lce se toti\u017e J\u00e1ra Cimrman p\u0159i pl\u00e1novan\u00e9 n\u00e1v\u0161t\u011bv\u011b krajan\u016f v Kalifornii, rozhodl \u00a0pro no\u010dn\u00ed turistick\u00fd v\u00fd\u0161lap na nedalekou horu Mount Wilson. Po n\u011bkolikahodinov\u00e9m bloud\u011bn\u00ed, kdy\u017e mu p\u0159estal sv\u00edtit jeho \u00fasporn\u00fd \u010delov\u00fd kahan a tud\u00ed\u017e nemohl \u0159\u00e1dn\u011b mapovat, kone\u010dn\u011b spat\u0159il vrchol na kter\u00e9m st\u00e1la, na tehdej\u0161\u00ed vysp\u011bl\u011b st\u0159edoevropsk\u00e9 pom\u011bry, pon\u011bkud primitivn\u00ed americk\u00e1, d\u0159ev\u011bn\u00e1 observato\u0159. Uvnit\u0159 observato\u0159e narazil J\u00e1ra Cimrman pr\u00e1v\u011b na Edwina Hubbleho, se kter\u00fdm si ji\u017e po l\u00e9ta \u010dile korespondoval na t\u00e9ma \u201clakta\u010dn\u00ed k\u0159ivka vesm\u00edru\u201d. Hubble sed\u011bl na \u017eidli a nerv\u00f3zn\u011b se s n\u00ed posouval. Z\u00e1rove\u0148 se potil vzteky, a\u017e se mu d\u011blal rum\u011bnec ve tv\u00e1\u0159i. Nemohl toti\u017e p\u0159ij\u00edt na to, jak prok\u00e1zat svoji teorii o rozp\u00edn\u00e1n\u00ed vesm\u00edru. Cimrman dbaje astronomova zdrav\u00ed, \u00a0hned jak ho spat\u0159il, zvolal : \u201dEdo, posouv\u00e1n\u00edm \u017e\u00eddle si nepom\u016f\u017ee\u0161, jen rudne\u0161, a t\u00edm ti konstantn\u011b expanduj\u00ed emoce !\u201d. Hubble se prudce oto\u010dil a na chv\u00edli zamyslel. K\u00fdvl Cimrmanovi na pozdrav, a d\u00e1l mu ji\u017e nev\u011bnoval pozornost. Hore\u010dn\u011b za\u010dal cosi ps\u00e1t do sv\u00e9ho pozn\u00e1mkov\u00e9ho bloku.<\/p>\n<p>O n\u011bkolik m\u011bs\u00edc\u016f pozd\u011bji vy\u0161la jeho slavn\u00e1 pr\u00e1ce, ve kter\u00e9 pomoc\u00ed tzv. \u201crud\u00e9ho posuvu\u201d dokazoval, \u017ee vzd\u00e1len\u011bj\u0161\u00ed objekty se ve vesm\u00edru od sebe vzdaluj\u00ed rychleji. Z\u00e1rove\u0148 ve sv\u00e9 pr\u00e1ci zavedl, slavnou, tzv. Hubblovu konstantu.<\/p>\n<p>Jak u\u017e to mezi v\u011bdci b\u00fdv\u00e1, o sv\u00e9m p\u0159\u00edteli J\u00e1rovi se ani \u0159\u00e1dkem, ani odkazem nikde nezm\u00ednil. Kdy\u017e o n\u011bkolik let pozd\u011bji zasedala komise rozhoduj\u00edc\u00ed o ud\u011blov\u00e1n\u00ed Nobelov\u00fdch cen, Hubble byl hlavn\u00edm kandid\u00e1tem.<\/p>\n<p>V\u011bdec v\u0161ak trp\u011bl v\u00fd\u010ditky. Znaje, \u017ee Cimrmana z tak v\u00fdznamn\u00e9ho objevu vyautoval, \u010destn\u011b napsal komisi dopis, \u017ee na navrhovanou Nobelovu cenu rezignuje a finan\u010dn\u00ed ocen\u011bn\u00ed v\u011bnuje Cimrmanovi na v\u00fdzkum strojov\u00e9ho balen\u00ed ml\u00e9\u010dn\u00fdch v\u00fdrobk\u016f (tzv.&#8220;ml\u00e9\u010dn\u00e1 dr\u00e1ha&#8220;).<\/p>\n<p>Tou dobou toti\u017e J\u00e1ra pob\u00fdval pod Tatrami a p\u0159em\u00fd\u0161lel, jak efektivn\u011b p\u0159epravovat a uchov\u00e1vat ml\u00e9ko od slovensk\u00fdch ba\u010d\u016f. D\u00edky finan\u010dn\u00ed injekci od Edy rozjel unik\u00e1tn\u00ed metodu kontinu\u00e1ln\u00edho pln\u011bn\u00ed ml\u00e9ka p\u0159\u00edmo na sala\u0161i do pap\u00edrov\u00fdch kart\u00f3n\u016f. Zprvu pap\u00edrov\u00e9 obaly propou\u0161t\u011bly.\u00a0Jednoho letn\u00edho r\u00e1na tak na cest\u011b z Telg\u00e1rtu do Ru\u017eomberoka, kam se ml\u00e9ko p\u0159epravovalo, mohli vesni\u010dan\u00e9 pod nohama sledovat \u00fachvatnou ml\u00e9\u010dnou dr\u00e1hu, na kterou dodnes vzpom\u00ednaj\u00ed. Cimrman pot\u00e9 vylep\u0161il svou metodu balen\u00ed pota\u017een\u00edm kart\u00f3nu polyetyl\u00e9nem a aby zviditelnil slovensk\u00e9 hory nazval ji: &#8222;Tatra&#8220; s t\u00edm, \u017ee detaily vy\u0159e\u0161\u00ed &#8222;pak&#8220;.\u00a0Musel toti\u017e n\u00e1hle odjet do Heidelbergu pomoc\u00ed kolegovi Planckovi s kvantov\u00e1n\u00edm.<\/p>\n<p>Cimrmanov\u00fdch pl\u00e1n\u016f kontinu\u00e1ln\u00edho pln\u011bn\u00ed ml\u00e9ka do polyetyl\u00e9nem pota\u017een\u00fdch kartonov\u00fdch krabic se mezit\u00edm obratn\u011b zmocnil \u0161v\u00e9dsk\u00fd v\u011bdec Erik Wallenberg, tou dobou pob\u00fdvaj\u00edc\u00ed v l\u00e1zn\u00edch Tur\u010diansk\u00e1 \u010cierna. O n\u011bkolik let pozd\u011bji si metodu drze nech\u00e1v\u00e1 ve \u0160v\u00e9dsku patentovat pod zkomolen\u00fdm n\u00e1zvem Tetra Pak, ani\u017e by J\u00e1rovi p\u0159iznal jak\u00fdkoliv pod\u00edl.<\/p>\n<p>\u0160koda.<\/p>\n<p>&nbsp;<\/p>\n<p><strong>V\u00edtejte na 9. no\u010dn\u00edku v L\u00e1dv\u00ed !<\/strong><\/p>\n<p>Op\u011bt se m\u016f\u017eete pobavit bloud\u011bn\u00edm v h\u00e1ji, hled\u00e1n\u00edm n\u011b\u010deho ve tm\u011b, v lese, v d\u00ed\u0159e, v j\u00e1m\u011b \u010f\u00e1blov\u011b, v r\u00fdze, v hustniku, v pelechu bezdomovce, za hromadou d\u0159eva, na sk\u00e1le \u010di v rybn\u00ed\u010dku.<\/p>\n<p><strong>\u00a0KDY:<\/strong>\u00a0v \u00fater\u00fd 20.11.2012, start otev\u0159en od 18:00 do 19:30<\/p>\n<p><strong>\u00a0KDE:\u00a0<\/strong>restaurace Na M\u011blnick\u00e9 v \u010e\u00e1blic\u00edch (naproti h\u0159bitovu). Restaurace se nach\u00e1z\u00ed na rozhran\u00ed ulic O\u0159echov\u00e1 a \u010e\u00e1blick\u00e1: GPS: [50\u00b08&#8217;4.707&#8243;N, 14\u00b028&#8217;39.846&#8243;E].<\/p>\n<p>Odkaz na mapu: <a href=\"http:\/\/mapy.cz\/s\/5EVd\" target=\"_blank\">ZDE<\/a><\/p>\n<p><strong>\u00a0JAK<\/strong> se tam dostat ?: Dostanete se tam bud p\u011b\u0161ky od metra Ladv\u00ed (1,5km), nebo St\u0159\u00ed\u017ekov (1km), tramvaj\u00ed (4, 10) nebo autobusy \u010d. 103,136,345,348,368.<\/p>\n<p><strong>CO TAM ?<\/strong> : Krom\u011b oslavy v\u00fdro\u010d\u00ed a bloud\u011bn\u00ed h\u00e1jem, restaurace Na M\u011blnick\u00e9 \u010depuje Gambrinus 10, a Plze\u0148 12. Je zde i bohat\u00fd v\u00fdb\u011br minutek za slu\u0161nou cenu, tak ne, abyste se naprali p\u0159edem.<\/p>\n<p><strong>CO S SEBOU ? :<\/strong> S sebou si vemte: \u010delovku, sv\u00edtilnu \u010di kahan, buzolu \u010di kompas, HODINKY \u010di jin\u00fd chronometr (p\u0159esn\u00fd \u010das se bude hodit), tu\u017eku, oble\u010den\u00ed a ozut\u00ed dle po\u010das\u00ed, drobn\u00e9 na pivo a startovn\u00e9 (30,-). Kdo si nechce br\u00e1t buzolu, m\u016f\u017ee se orientovat podle li\u0161ejn\u00edk\u016f nebo mraveni\u0161t\u011b. Mapa (form\u00e1t A4) nebude vodovzdorn\u011b upravena, a proto si vemte futr\u00e1lek<\/p>\n<p>Vemte si pevn\u00e9 nohavice! Ostru\u017e\u00edn\u00ed je v \u010e\u00e1bli\u010d\u00e1ku v\u00fd\u017eivn\u00e9.<\/p>\n<p><strong>\u00a0Pravidla :<\/strong><\/p>\n<p>Budou up\u0159esn\u011bna na startu, ale asi n\u011bco podobn\u00e9ho v duchu minul\u00fdch let. Startuje se s\u00f3lo, jak kdo p\u0159ijde (odstup cca 1 min).<\/p>\n<p><strong>\u00a0Kontroly :<\/strong> reflexn\u00ed ty\u010dky, voskovky (pr\u016fkazku olepujte izolepou jen z jedn\u00e9 strany! )<\/p>\n<p><strong>\u00a0Vyhl\u00e1\u0161en\u00ed :<\/strong> kr\u00e1tce po dob\u011bhnut\u00ed posledn\u00edho v limitu (cca 21:15); mo\u017en\u00e1 bude i tombola s n\u00e1slednou oslavou<\/p>\n<p><strong>\u00a0D\u00e9lka trasy :<\/strong> t\u011b\u017eko \u0159\u00edct, ale asi okolo 6 km<\/p>\n<p><strong>P\u0159ihl\u00e1\u0161ky<\/strong> : na email hyne&#107;&#117;&#64;&#115;&#101;&#x7a;&#x6e;&#x61;&#x6d;&#x2e;&#x63;&#x7a; do 18.11.2012 23:30 SEC, nebo do napln\u011bn\u00ed limitu bludi\u010d\u016f. Pot\u00e9 jen po individu\u00e1ln\u00ed domluv\u011b a s d\u00e1rky pro po\u0159adatele. T\u011bm, co p\u0159ihl\u00e1\u0161ku nepo\u0161lou hroz\u00ed, \u017ee bu\u010f dostanou pou\u017eitou mapu od dob\u011bhnuv\u0161\u00edho bloudila, nebo se na n\u011b budu zlobit (p\u0159\u00edpadn\u011b oboj\u00ed). Ka\u017edop\u00e1dn\u011b maxim\u00e1ln\u00ed po\u010det \u00fa\u010dastn\u00edk\u016f je 60, hla\u0161te se v\u010das. Pro ty (ta d\u011bv\u010data), kte\u0159\u00ed (kter\u00e1) se strachuj\u00ed o svou po\u010destnost, je dovoleno vyraziti i ve dvou.<\/p>\n<p>Za organiza\u010dn\u00ed team Hynek (602 114 407)<\/p>\n<\/div>\n","protected":false},"excerpt":{"rendered":"<p>Protokol: &#8211; 71 bludi\u010d\u016f\/bludi\u010dek &#8211; 25 kontrol prav\u00fdch &#8211; mnoho fale\u0161n\u00fdch ko\u010di\u010d\u00edch o\u010d\u00ed, viz. Geocache\u00a0Lovci pokladu: odkaz zde &#8211; jedna fale\u0161n\u00e1 kontrola u rybn\u00ed\u010dka pobl\u00ed\u017e kontroly 24 (dokonce s voskovkou !!), ov\u0161em jin\u00e9 barvy a mimo kole\u010dko. S tou tak\u00e9 nem\u00e1me nic spole\u010dn\u00e9ho \ud83d\ude42 &#8211; bohu\u017eel takt\u00e9\u017e jedno ukraden\u00e9 kolo (nech\u0165 ruka upadne a sliz [&hellip;]<\/p>\n","protected":false},"author":1,"featured_media":0,"parent":94,"menu_order":0,"comment_status":"closed","ping_status":"closed","template":"","meta":{"footnotes":""},"class_list":["post-64","page","type-page","status-publish","hentry"],"_links":{"self":[{"href":"https:\/\/hynek.jason-drson.com\/index.php?rest_route=\/wp\/v2\/pages\/64","targetHints":{"allow":["GET"]}}],"collection":[{"href":"https:\/\/hynek.jason-drson.com\/index.php?rest_route=\/wp\/v2\/pages"}],"about":[{"href":"https:\/\/hynek.jason-drson.com\/index.php?rest_route=\/wp\/v2\/types\/page"}],"author":[{"embeddable":true,"href":"https:\/\/hynek.jason-drson.com\/index.php?rest_route=\/wp\/v2\/users\/1"}],"replies":[{"embeddable":true,"href":"https:\/\/hynek.jason-drson.com\/index.php?rest_route=%2Fwp%2Fv2%2Fcomments&post=64"}],"version-history":[{"count":1,"href":"https:\/\/hynek.jason-drson.com\/index.php?rest_route=\/wp\/v2\/pages\/64\/revisions"}],"predecessor-version":[{"id":66,"href":"https:\/\/hynek.jason-drson.com\/index.php?rest_route=\/wp\/v2\/pages\/64\/revisions\/66"}],"up":[{"embeddable":true,"href":"https:\/\/hynek.jason-drson.com\/index.php?rest_route=\/wp\/v2\/pages\/94"}],"wp:attachment":[{"href":"https:\/\/hynek.jason-drson.com\/index.php?rest_route=%2Fwp%2Fv2%2Fmedia&parent=64"}],"curies":[{"name":"wp","href":"https:\/\/api.w.org\/{rel}","templated":true}]}}