
{"id":682,"date":"2024-09-29T11:54:05","date_gmt":"2024-09-29T10:54:05","guid":{"rendered":"https:\/\/hynek.jason-drson.com\/?page_id=682"},"modified":"2024-10-17T19:20:35","modified_gmt":"2024-10-17T18:20:35","slug":"2024-10-15-dablicka-bludicka","status":"publish","type":"page","link":"https:\/\/hynek.jason-drson.com\/?page_id=682","title":{"rendered":"2024 10 15 \u010e\u00e1blick\u00e1 Bludi\u010dka"},"content":{"rendered":"\n<h2>\u010e\u00e1blick\u00e1 Bludi\u010dka, \u00fater\u00fd 15.10.2024, 20.no\u010dn\u00edk<\/h2>\n\n\n\n<p><strong>Zhodnocen\u00ed:<br \/><\/strong>62 bludi\u010d\u016f a bludi\u010dek<br \/>21 kontrol roznesen\u00fdch (z toho dv\u011b blikaj\u00edc\u00ed)<br \/>1 kometa, co se mihla nad z\u00e1padn\u00edm okrajem h\u00e1je<br \/>1 V\u00e1clav Mat\u011bj Kram\u00e9rius<\/p>\n<p>Jubilejn\u00ed zlatou medaili si ve dvac\u00e1t\u00e9m no\u010dn\u00edku vyb\u011bhl v<a href=\"https:\/\/luciferlights.net\/\">\u00fdrobce nejlep\u0161\u00edch \u010delovek na sv\u011bt\u011b<\/a>\u00a0 <a href=\"https:\/\/www.rajce.idnes.cz\/jasondrson\/album\/2024-10-15-dablicka-bludicka\/1656070250\">\u00d3p\u00e9r\u00e1k<\/a>. Po l\u00e9tech mnoha druh\u00fdch m\u00edst se do\u010dkal a m\u016f\u017ee si &#8222;\u010e\u00e1belskou&#8220; Bludi\u010dku kone\u010dn\u011b od\u0161krtnout :-). Druh\u00fd rychl\u00edk Martin Janda dob\u011bhl p\u0159ed Honzou Mand\u00edkem. Pak se b\u011bhem pouh\u00fdch n\u00e1sleduj\u00edc\u00edch 18 vte\u0159in nas\u00e1\u010dkovali do v\u00fdsledkov\u00e9 listiny 4 z\u00e1vodn\u00edci. <br \/>P\u016fvodn\u011b \u010dtvrt\u00fd <a href=\"https:\/\/www.rajce.idnes.cz\/jasondrson\/album\/2024-10-15-dablicka-bludicka\/1656070257\">Jirka \u0160pic\u00e1l<\/a> (<a href=\"https:\/\/hynek.jason-drson.com\/?page_id=90\">v prvn\u00edm ro\u010dn\u00edku roku 2004 stanul na stupni nejvy\u0161\u0161\u00edm<\/a>) m\u011bl \u010das jen o 8 vte\u0159in pomalej\u0161\u00ed. \u010cestn\u011b se ale p\u0159iznal, \u017ee nesebral sv\u011btelnou bludi\u010dku A, tak\u017ee jsem ho posunul o p\u00e1r m\u00edst d\u00e1le. Tud\u00ed\u017e \u010dtvrt\u00e1 celkov\u011b a prvn\u00ed v \u017een\u00e1ch dob\u011bhla Ad\u00e9lka Ka\u0161parov\u00e1, kter\u00e1 m\u011bla od p\u0159edchoz\u00edho jen 6 vte\u0159in navrch a p\u00e1t\u00fd Mat\u011bj Halouska zaostal od p\u0159edchoz\u00edho m\u00edsta jen o 4 vte\u0159iny.<br \/>Nejd\u00e9le (ale se v\u0161emi ter\u010d\u00edky) se h\u00e1jem protoulala d\u011bv\u010data <a href=\"https:\/\/www.rajce.idnes.cz\/jasondrson\/album\/2024-10-15-dablicka-bludicka\/1656070258\">Hanka s Radkou<\/a> s velmi p\u011bkn\u00fdm \u010dasem 3:40:45. <br \/>Leto\u0161n\u00ed ro\u010dn\u00edk nav\u0161t\u00edvil i b\u011bhoun zn\u00e1m\u00fd pod mnoha pseudonymy, nap\u0159. Schrodingerova ko\u010dka, Gott revival nebo leto\u0161n\u00ed V\u00e1clav Mat\u011bj Kram\u00e9rius. Jak jsem se posl\u00e9ze dov\u011bd\u011bl z dob\u0159e informovan\u00fdch zdroj\u016f, tento b\u011b\u017eec se c\u00edtil dot\u010den dehonestac\u00ed spisovatele Aloise Jir\u00e1ska, kterou jsem popsal v pozv\u00e1nce a kter\u00e1 byla v\u011bnovan\u00e1 jeho vztahu s J\u00e1rou Cimrmanem. Abych pr\u00fd napravil svou pom\u00fdlenost, nab\u00eddl mi tento b\u011b\u017eec <a href=\"https:\/\/www.rajce.idnes.cz\/jasondrson\/album\/2024-10-15-dablicka-bludicka\/1656070234\">pomocnou ruku klasika a dovezl na sv\u00e9m skl\u00e1dac\u00edm kole do restaurace na M\u011blnick\u00e9 t\u00e9m\u011b\u0159 v\u0161echny svazky Lojzy Jir\u00e1ska s p\u0159edmluvou Klementa Gottwalda<\/a>.\u00a0 P\u0159edmluvu jsem ji\u017e p\u0159e\u010detl, tak je\u0161t\u011b m\u00e1m rok na ten zbytek &#8230;<\/p>\n<p>D\u00edky v\u0161em za \u00fa\u010dast. <a href=\"https:\/\/www.rajce.idnes.cz\/jasondrson\/album\/2024-10-15-dablicka-bludicka\/1656070235\">Evi\u010dce<\/a> za pomoc s administrativou a Honzovi \u0158ez\u00e1\u010dovi za zap\u016fj\u010den\u00ed skv\u011bl\u00fdch a spolehliv\u00fdch blikaj\u00edc\u00edch bludi\u010dek.<\/p>\n<p>Do va\u0161ich podzimn\u00edch brloh\u016f v\u00e1s zdrav\u00ed<br \/>Hynek<\/p>\n<p><a href=\"https:\/\/drive.google.com\/file\/d\/1xoz1E-C0Nn3W3a2-Irf88NAaEbMEmFOg\/view?usp=drive_link\">V\u00fdsledky Bludi\u010dky 2024<\/a><\/p>\n<p><a href=\"https:\/\/www.rajce.idnes.cz\/jasondrson\/album\/2024-10-15-dablicka-bludicka\">P\u00e1r fotek zde<\/a><\/p>\n<p>\u00a0<\/p>\n<p>\u00a0<\/p>\n<p><strong>Pozv\u00e1nka:<br \/><\/strong><br \/>Zveme v\u0161echny p\u0159\u00edznivce temn\u00fdch \u0159\u00edjnov\u00fdch ve\u010der\u016f, aby s n\u00e1mi oslavili Cimrman\u016fv p\u0159\u00ednos k odhalen\u00ed existence Temn\u00e9 hmoty a energie. Z mnoha pramen\u016f se lze do\u010d\u00edst, \u017ee fenom\u00e9n Temn\u00e9 hmoty a energie byl p\u0159edstaven relativn\u011b ned\u00e1vno. Pokud by ov\u0161em v\u011bdeck\u00e1 komunita p\u0159elomu 19. a 20. stolet\u00ed, zahled\u011bn\u00e1 sama do sebe,\u00a0 dop\u0159\u00e1la sluchu a pozornosti \u010desk\u00e9mu g\u00e9niovi J\u00e1ru Cimrmanovi, mo\u017en\u00e1 bychom dnes ji\u017e j\u00e1sali, co je jejich podstatou.\u00a0 Mlad\u00fd Cimrman na konci 19. stolet\u00ed st\u00e1l na vrcholu sr\u0161en\u00ed sv\u00fdch geni\u00e1ln\u00edch n\u00e1pad\u016f. P\u0159ipome\u0148me na\u0161e studia o J\u00e1rov\u00fdch \u00fasp\u011b\u0161n\u00fdch pokusech posunout v\u011bdce, um\u011blce i politiky d\u00e1le v procesu pozn\u00e1n\u00ed. Jmenovit\u011b pomohl k \u00fasp\u011bchu osobnostem jako nap\u0159. <a href=\"https:\/\/hynek.jason-drson.com\/?page_id=603\">Ernestu Rutherfordovi, Erwinu Schr\u00f6dingerov<\/a>i, <a href=\"https:\/\/hynek.jason-drson.com\/?page_id=565\">Jaroslavu Heyrovsk\u00e9mu<\/a>, <a href=\"https:\/\/hynek.jason-drson.com\/?page_id=362\"> Johannu Josefu Loschmidtovi<\/a>, <a href=\"https:\/\/hynek.jason-drson.com\/?page_id=321\">Pablu Picassovi, Juliu Fu\u010d\u00edkovi<\/a>, <a href=\"https:\/\/hynek.jason-drson.com\/?page_id=61\">Maxi Planckovi<\/a>,\u00a0 <a href=\"https:\/\/hynek.jason-drson.com\/?page_id=64\">Edwinu Hubblovi \u010di<\/a> <a href=\"https:\/\/hynek.jason-drson.com\/?page_id=67\">Marget Thatcherov\u00e9.<\/a> <br \/>V p\u0159\u00edpad\u011b Temn\u00e9 hmoty a energie v\u0161ak Cimrman v p\u0159ed\u00e1v\u00e1n\u00ed sv\u00fdch n\u00e1pad\u016f nevolil spr\u00e1vn\u011b a narazil na naprost\u00e9 nepochopen\u00ed. Narazil na Aloise Jir\u00e1ska. <br \/>Lojza byla J\u00e1rov\u00fdm kamar\u00e1dem od \u00fatl\u00e9ho d\u011btstv\u00ed. Cimrman ho obdivoval pro jeho v\u00fd\u0159e\u010dnost a vynikaj\u00edc\u00ed kv\u011btnat\u00fd sloh. Z\u00e1dum\u010div\u00fd J\u00e1ra b\u00e1daj\u00edc\u00ed nad podstatou vesm\u00edru a fyzik\u00e1ln\u00edmi z\u00e1kony nem\u011bl \u010das na rozvoj sv\u00e9 stylistiky. Zde mus\u00edme p\u0159ipomenout jeho sv\u011btov\u011b proslul\u00fd debakl v komunikaci s tehdej\u0161\u00ed v\u011bdeckou komunitou. Jednalo se zejm\u00e9na o cyklus p\u0159edn\u00e1\u0161ek na univerzit\u011b v Berkley o struktu\u0159e vesm\u00edru. P\u0159iznejme si, \u017ee v t\u00e9 dob\u011b Cimrman neopl\u00fdval komunika\u010dn\u00edmi, ba ani soci\u00e1ln\u00edmi dovednostmi. Proto si po sv\u00e9m ne\u00fasp\u011bchu mezi v\u011bdci vybral Aloise Jir\u00e1ska jako prost\u0159edn\u00edka sv\u00fdch my\u0161lenek a n\u00e1pad\u016f. Dnes bychom \u0159ekli mluv\u010d\u00edho \u010di zapisovatele. <br \/>Do nejmen\u0161\u00edch detail\u016f popsal Lojzovi v\u0161echny sv\u00e9 p\u0159edstavy o historii vesm\u00edru v\u010detn\u011b pojedn\u00e1n\u00ed o Temn\u00e9 hmot\u011b, Temn\u00e9 energii, Velk\u00e9m t\u0159esku, kvantov\u00e9 mechanice \u010di filozofick\u00e9m rozboru struktury hmoty. <br \/>Alois Jir\u00e1sek byl vynikaj\u00edc\u00ed spisovatel, ale to co provedl J\u00e1rovi, aby zakryl svou neschopnost ch\u00e1p\u00e1n\u00ed Cimrmanov\u00fdch my\u0161lenek, je, nezlobte se na mne, a\u017e &#8230; neodpustiteln\u00e9. <br \/>Ur\u010dit\u011b (.. no asi mo\u017en\u00e1 ne), jste \u010detli n\u011bkter\u00e9 z Jir\u00e1skov\u00fdch d\u011bl. M\u016f\u017eete tak sami posoudit , jak se Jir\u00e1sek postavil k Cimrmanov\u00fdm t\u00e9mat\u016fm a ve sv\u00fdch d\u00edlech naprosto vynechal j\u00e1dro v\u011bci (v z\u00e1vorce je p\u016fvodn\u00ed Cimrman\u016fv n\u00e1m\u011bt):<\/p>\n<p><strong>Temno<\/strong> (pojedn\u00e1n\u00ed o Velk\u00e9m t\u0159esku, Temn\u00e9 hmot\u011b a energii)<br \/><strong>Mezi proudy<\/strong> (v\u00fdklad \u010d\u00e1sti pozd\u011bji publikovan\u00fdch Schrodingerov\u00fdch rovnic)<br \/><strong>Proti v\u0161em<\/strong> (popis Cimrmanov\u00fdch trampot b\u011bhem p\u0159edn\u00e1\u0161ek v Berkley)<br \/><strong>Psohlavci<\/strong> (o nasazov\u00e1n\u00ed ps\u00edch hlav Cimrmanovi v\u011bdeckou komunitou)<br \/><strong>Filosofsk\u00e1 historie<\/strong> (zamy\u0161len\u00ed nad filozofi\u00ed vzniku vesm\u00edru)<\/p>\n<p>Mo\u017en\u00e1 stoj\u00ed za zm\u00ednku mal\u00fd st\u0159\u00edpek z komunikace J\u00e1ry s Jir\u00e1skem. Ve sv\u00e9 n\u00e1zornosti se J\u00e1ra sna\u017eil Lojzovi vysv\u011btlit i pom\u011brn\u011b slo\u017eit\u00e9 fyzik\u00e1ln\u00ed jevy. Nap\u0159\u00edklad existenci \u010d\u00e1stic a anti\u010d\u00e1stic. Jir\u00e1skovi toto zrcadlen\u00ed vysv\u011btloval na tehdej\u0161\u00ed popul\u00e1rn\u00ed morseovce:<br \/>&#8222;Lojzo, \u010d\u00e1stice a ani\u010d\u00e1stice jsou k sob\u011b zrcadlov\u011b obr\u00e1ceny, jako kdy\u017e obr\u00e1t\u00ed\u0161 v morseovce znaky t\u00edm, \u017ee je \u010dte\u0161 pozp\u00e1tku. Nap\u0159\u00edklad p\u00edsmeno<strong> F<\/strong> je te\u010dka, te\u010dka, \u010d\u00e1rka, te\u010dka. Jeho zrcadlem je tedy te\u010dka, \u010d\u00e1rka, te\u010dka, te\u010dka, co\u017e je p\u00edsmeno <strong>L<\/strong>&#8222;. Pot\u00e9 Lojzovi vysv\u011btlil n\u011bkter\u00e9 zm\u011bny \u010d\u00e1stic, jejich asymetrii i to \u017ee energie se z \u010dastic neztr\u00e1c\u00ed, \u010dili \u017ee je tu <strong>na v\u011bky<\/strong>. <br \/>Sami asi tu\u0161\u00edte, co s touto informaci Jir\u00e1sek vyvedl. Pe\u010dliv\u011b si v\u0161e zapsal a po n\u011bkolika letech vydal sv\u00e9 nejzn\u00e1m\u011bj\u0161\u00ed d\u00edlo<strong> F.L.V\u011bk<\/strong>.<\/p>\n<p>Nechci na Jir\u00e1ska nasazovat, ale pozd\u011bj\u0161\u00ed zji\u0161t\u011bn\u00ed, \u017ee psal sv\u00e1 d\u00edla \u0161koln\u00edm, \u010dili kraden\u00fdm inkoustem o n\u011b\u010dem tak\u00e9 sv\u011bd\u010d\u00ed (a \u017ee ho bylo hodn\u011b). <br \/>Na n\u00e1s Cimrmanoloz\u00edch je nyn\u00ed v\u0161echna d\u00edla (Cimrmana i nyni Jir\u00e1ska) podrobit d\u016fkladn\u00e9mu zkoum\u00e1n\u00ed a objevovat pro lidstvo bu\u010f ji\u017e objeven\u00e9 (v\u011bt\u0161inou), nebo zcela nov\u00e9 objevy (v\u011bt\u0161inou ne).<br \/>Dejme se tedy do pr\u00e1ce!<\/p>\n<p>\u00a0<\/p>\n<p><strong>O CO JDE:<\/strong><\/p>\n<p>B\u011bhem \u010di ch\u016fz\u00ed se m\u016f\u017eete pobavit bloud\u011bn\u00edm v h\u00e1ji, hled\u00e1n\u00edm n\u011b\u010deho ve tm\u011b, v lese, v d\u00ed\u0159e, v j\u00e1m\u011b \u010f\u00e1blov\u011b, v r\u00fdze, v hustniku, v pelechu bezdomovce, za hromadou d\u0159eva, na sk\u00e1le \u010di v rybn\u00ed\u010dku a sou\u010dasn\u011b oslavit i slavn\u00e9 externisty J\u00e1ru, Ernesta i Erwina.<\/p>\n<p><strong>KDY:<\/strong> <strong>v \u00fater\u00fd 15.10.2024<\/strong>, start otev\u0159en od 18:00 do 19:30<\/p>\n<p><strong>KDE:\u00a0<\/strong>restaurace Na M\u011blnick\u00e9 v \u010e\u00e1blic\u00edch (naproti h\u0159bitovu). Restaurace se nach\u00e1z\u00ed na rozhran\u00ed ulic O\u0159echov\u00e1 a \u010e\u00e1blick\u00e1: GPS: [50\u00b08\u20194.707\u2033N, 14\u00b028\u201939.846\u2033E].<\/p>\n<p>Odkaz na mapu:\u00a0<a href=\"http:\/\/mapy.cz\/s\/5EVd\" target=\"_blank\" rel=\"noreferrer noopener\">ZDE<\/a><\/p>\n<p><strong>\u00a0JAK\u00a0se tam dostat ?:<\/strong> Dostanete se tam bud p\u011b\u0161ky od metra Ladv\u00ed (1,5km), nebo St\u0159\u00ed\u017ekov (1km), tramvaj\u00ed (10) nebo autobusy (103, 183, 348, 349, 369).<\/p>\n<p><strong>CO TAM ?<\/strong> : Krom\u011b sm\u00fd\u010den\u00ed lesa a hustn\u00edk\u016f, restaurace Na M\u011blnick\u00e9 \u010depuje Gambrinus 10, a Plze\u0148 12. Je zde i bohat\u00fd v\u00fdb\u011br minutek, tak ne, abyste se naprali p\u0159edem.<\/p>\n<p><strong>CO S SEBOU ? :<\/strong>\u00a0S sebou si vemte: \u010delovku, sv\u00edtilnu \u010di kahan, <strong>buzolu \u010di kompas<\/strong>, <strong>tu\u017eku (ta se taky \u0161ikne)<\/strong>, oble\u010den\u00ed a ozut\u00ed dle po\u010das\u00ed, drobn\u00e9 na pivo. Mapa (form\u00e1t A4) <strong>nebude<\/strong> vodovzdorn\u011b upravena, a proto si <strong>vemte futr\u00e1lek<\/strong>.<\/p>\n<p><strong>Startovn\u00e9:<\/strong> dobrovoln\u00e9 (v\u00edc ne\u017e 50,- mi ned\u00e1vejte, nechci se dostat mezi tu bohatou pak\u00e1\u017e)<\/p>\n<p>Vemte si pevn\u00e9 nohavice! Ostru\u017e\u00edn\u00ed je v \u010e\u00e1bli\u010d\u00e1ku v\u00fd\u017eivn\u00e9.<\/p>\n<p><strong>Pravidla :<br \/><\/strong>Po p\u0159\u00edchodu do restaurace si <strong>NEJD\u0158\u00cdVE vyberte na p\u0159ipraven\u00e9m formul\u00e1\u0159i <\/strong>(na kule\u010dn\u00edkov\u00e9m stole)<strong> voln\u00e9 startovn\u00ed \u010d\u00edslo se startovn\u00edm \u010dasem (odstup 1 minuta).\u00a0<\/strong> <strong>Do formul\u00e1\u0159e p\u0159ipi\u0161te sv\u00e9 ct\u011bn\u00e9 jm\u00e9no<\/strong>, a zapamatujte si startovn\u00ed \u010d\u00edslo a startovn\u00ed \u010das.<\/p>\n<p>Pot\u00e9 se vedle v m\u00edstnosti zaregistrujte (<strong>hla\u0161te p\u0159\u00edjmen\u00ed jm\u00e9no a startovn\u00ed \u010d\u00edslo<\/strong>).<\/p>\n<p>Dostanete pr\u016fkazku se startovn\u00edm \u010d\u00edslem do kter\u00e9 <strong>vypl\u0148te jm\u00e9no a startovn\u00ed \u010das.<\/strong><\/p>\n<p>Minutu p\u0159ed startem bu\u010fte u \u010dasom\u00edry s p\u0159ipravenou pr\u016fkazkou ke kontrole.<\/p>\n<p><strong>Startujte se se sami<\/strong> (p\u0159epokl\u00e1d\u00e1me fair play) a v okam\u017eiku startu (\u010das na pr\u016fkazu) si berte i mapu (n\u00e9 p\u0159edem).<\/p>\n<p><strong>Pravidla (jsou tak\u00e9 sou\u010d\u00e1st\u00ed mapy, tak si je m\u016f\u017eete \u010d\u00edst i za b\u011bhu :-)) :<\/strong><br \/><strong>Liniov\u00e1 tra\u0165 se shlukem kontrol uprost\u0159ed + dv\u011b sv\u00edt\u00edc\u00ed kontroly, co nejsou na map\u011b zakrou\u017ekov\u00e1ny.<\/strong><br \/><strong>Praktick\u00fd p\u0159iklad postupu od startu:<\/strong><br \/><strong>Sb\u00edr\u00e1m kontroly 1,2,3. Na kontrole 3 je pozorovac\u00ed bod na sv\u00edt\u00edc\u00ed kontrolu A (zelen\u00e9 sv\u011btlo blik\u00e1 morseovkou A). Odhadnu, kde se asi nach\u00e1z\u00ed, a napl\u00e1nuji, kdy ji sb\u00edrat. Pravidlo je, \u017ee sv\u00edt\u00edc\u00ed kontroly mohu sb\u00edrat mezi dv\u011bmi po sob\u011b jdouc\u00edmi libovoln\u00fdmi kontrolami. Sv\u00edt\u00edc\u00ed kontrolu B (zelen\u00e9 sv\u011btlo blik\u00e1 morseovkou B) pak lze vid\u011bt z bodu A. Kontrolu B mohu sebrat hned po A , nebo pozd\u011bji, op\u011bt mezi dv\u011bma po sob\u011b jdouc\u00edmi kontrolami.<\/strong><br \/><strong>Pot\u00e9 sb\u00edr\u00e1m postupn\u011b 4 a\u017e 8, a pak v libovoln\u00e9m po\u0159ad\u00ed shluk kontrol 9 a\u017e 15 (detail shluku je na druh\u00e9 stran\u011b mapy).<\/strong><br \/><strong>Pak sb\u00edr\u00e1m postupn\u011b 16 a\u017e 19 a dob\u00edh\u00e1m do c\u00edle.<\/strong><br \/><strong>V po\u0159ad\u00ed rozhoduje po\u010det kontrol max 21 (19 na map\u011b a 2 sv\u00edt\u00edc\u00ed), v p\u0159ipad\u011b rovnosti pak \u010das.<\/strong><\/p>\n<p><strong>Ra\u017een\u00ed voskovkou, kter\u00e1 je na stuze pobl\u00ed\u017e reflexn\u00ed ty\u010dky. P\u0159\u00edpadn\u00ed oblepova\u010di, lepte izolepu jen z jedn\u00e9 strany (t\u00e9 druh\u00e9 bez chl\u00edve\u010dk\u016f samoz\u0159ejm\u011b \u2026).<\/strong><\/p>\n<p><strong>Po dob\u011bhu<\/strong> si sami sami napi\u0161te dob\u011bhov\u00fd \u010das do pr\u016fkazu (dle \u010dasom\u00edry na stole) a pr\u016fkaz odevzdejte.<\/p>\n<p><strong>Hodnocen\u00ed : <\/strong>Nen\u00ed \u010dasov\u00fd limit. Rozhoduje po\u010det kontrol a p\u0159i shod\u011b pak \u010das.<\/p>\n<p><strong>D\u00e9lka trasy :<\/strong>\u00a0t\u011b\u017eko \u0159\u00edct, ale asi okolo 7 km, letos nen\u00ed \u010dasov\u00fd limit, ale po 22:30 si to m\u011b\u0159\u00edte sami<\/p>\n<p><strong>P\u0159ihl\u00e1\u0161ky<\/strong>\u00a0: p\u0159es google formul\u00e1\u0159: <a href=\"https:\/\/docs.google.com\/forms\/d\/e\/1FAIpQLSdtkaAAuyM46fksM8Rb1rniRTbF9HyeFXeekrl_aJ3VdHXzzw\/viewform?usp=pp_url\">LINK (jednodu\u0161e p\u0159ipi\u0161te jm\u00e9no p\u0159\u00edjmen\u00ed a email)<\/a>, nebo nouzov\u011b na email hyneku(uzen\u00e1\u010d)seznam.cz do 13.10.2024 23:30 SEC, nebo do napln\u011bn\u00ed limitu bludi\u010d\u016f. Pot\u00e9 jen po individu\u00e1ln\u00ed domluv\u011b a s d\u00e1rky pro po\u0159adatele. T\u011bm, co p\u0159ihl\u00e1\u0161ku nepo\u0161lou hroz\u00ed, \u017ee bu\u010f dostanou pou\u017eitou mapu od dob\u011bhnuv\u0161\u00edho bloudila, nebo se na n\u011b budu zlobit (p\u0159\u00edpadn\u011b oboj\u00ed). Ka\u017edop\u00e1dn\u011b maxim\u00e1ln\u00ed po\u010det \u00fa\u010dastn\u00edk\u016f je 60, hla\u0161te se v\u010das. Pro ty (ta d\u011bv\u010data), kte\u0159\u00ed (kter\u00e1) se strachuj\u00ed o svou po\u010destnost, je dovoleno vyraziti i ve dvou.<\/p>\n<p>Seznam p\u0159ihl\u00e1\u0161en\u00fdch: <a href=\"https:\/\/docs.google.com\/spreadsheets\/d\/1p9XS75mG77GnWnBohUz3Eg4HOcfq0v8Y8qYfCnbDjX0\/edit?usp=sharing\">ZDE<\/a><\/p>\n<p>Za organiza\u010dn\u00ed team <a href=\"&#109;&#x61;&#105;&#x6c;&#116;&#x6f;&#58;&#x68;&#121;&#x6e;&#101;&#x6b;u&#x40;s&#x65;z&#x6e;a&#x6d;&#46;&#x63;z\">Hynek<\/a>\u00a0(602 114 407)<\/p>\n","protected":false},"excerpt":{"rendered":"<p>\u010e\u00e1blick\u00e1 Bludi\u010dka, \u00fater\u00fd 15.10.2024, 20.no\u010dn\u00edk Zhodnocen\u00ed:62 bludi\u010d\u016f a bludi\u010dek21 kontrol roznesen\u00fdch (z toho dv\u011b blikaj\u00edc\u00ed)1 kometa, co se mihla nad z\u00e1padn\u00edm okrajem h\u00e1je1 V\u00e1clav Mat\u011bj Kram\u00e9rius Jubilejn\u00ed zlatou medaili si ve dvac\u00e1t\u00e9m no\u010dn\u00edku vyb\u011bhl v\u00fdrobce nejlep\u0161\u00edch \u010delovek na sv\u011bt\u011b\u00a0 \u00d3p\u00e9r\u00e1k. Po l\u00e9tech mnoha druh\u00fdch m\u00edst se do\u010dkal a m\u016f\u017ee si &#8222;\u010e\u00e1belskou&#8220; Bludi\u010dku kone\u010dn\u011b od\u0161krtnout :-). [&hellip;]<\/p>\n","protected":false},"author":1,"featured_media":0,"parent":0,"menu_order":0,"comment_status":"closed","ping_status":"closed","template":"","meta":{"footnotes":""},"class_list":["post-682","page","type-page","status-publish","hentry"],"_links":{"self":[{"href":"https:\/\/hynek.jason-drson.com\/index.php?rest_route=\/wp\/v2\/pages\/682","targetHints":{"allow":["GET"]}}],"collection":[{"href":"https:\/\/hynek.jason-drson.com\/index.php?rest_route=\/wp\/v2\/pages"}],"about":[{"href":"https:\/\/hynek.jason-drson.com\/index.php?rest_route=\/wp\/v2\/types\/page"}],"author":[{"embeddable":true,"href":"https:\/\/hynek.jason-drson.com\/index.php?rest_route=\/wp\/v2\/users\/1"}],"replies":[{"embeddable":true,"href":"https:\/\/hynek.jason-drson.com\/index.php?rest_route=%2Fwp%2Fv2%2Fcomments&post=682"}],"version-history":[{"count":32,"href":"https:\/\/hynek.jason-drson.com\/index.php?rest_route=\/wp\/v2\/pages\/682\/revisions"}],"predecessor-version":[{"id":739,"href":"https:\/\/hynek.jason-drson.com\/index.php?rest_route=\/wp\/v2\/pages\/682\/revisions\/739"}],"wp:attachment":[{"href":"https:\/\/hynek.jason-drson.com\/index.php?rest_route=%2Fwp%2Fv2%2Fmedia&parent=682"}],"curies":[{"name":"wp","href":"https:\/\/api.w.org\/{rel}","templated":true}]}}